 is -2 + 15113?
15111
In base 16, what is 0 + 5ad?
5ad
In base 6, what is -525 - -4?
-521
In base 11, what is -21 + -34?
-55
In base 13, what is -1b - -16?
-5
In base 10, what is 408 - -4?
412
In base 6, what is -111 - -104?
-3
In base 13, what is 8a9 + 4?
8b0
In base 10, what is -383 + -3?
-386
In base 11, what is 35a + 0?
35a
In base 6, what is 21 - -3?
24
In base 3, what is 1012020 - -11?
1012101
In base 9, what is -31 + 1?
-30
In base 6, what is 2254 - -3?
2301
In base 16, what is -74 + -27?
-9b
In base 12, what is 5 - -2a6?
2ab
In base 14, what is -15 + -156?
-16b
In base 5, what is -11 + 1200?
1134
In base 5, what is 11021 + 4?
11030
In base 14, what is -100 - 4?
-104
In base 13, what is -2 + 3155?
3153
In base 3, what is -2 + -12010001?
-12010010
In base 4, what is 2 - -2133?
2201
In base 10, what is 5 - -3808?
3813
In base 15, what is 2 - 667?
-665
In base 3, what is -2012 - 1000?
-10012
In base 16, what is 54 + -1?
53
In base 15, what is -615 - 5?
-61a
In base 11, what is -167 - 32?
-199
In base 9, what is 265 + 5?
271
In base 7, what is 4 + 41?
45
In base 14, what is 19 + -15?
4
In base 12, what is -42 - 376?
-3b8
In base 14, what is 2 + 6?
8
In base 3, what is 2022 + 202?
10001
In base 6, what is 305 + 11?
320
In base 6, what is 2020 - -51?
2111
In base 4, what is 112013 + -10?
112003
In base 3, what is 11 - -122122?
122210
In base 12, what is -1596 + 2?
-1594
In base 4, what is 1210 - 11?
1133
In base 4, what is -2030 - 2?
-2032
In base 10, what is 61 - 3?
58
In base 15, what is 7 - -b?
13
In base 8, what is -12 + -7?
-21
In base 13, what is 411 - -2?
413
In base 2, what is -10010 - 11100?
-101110
In base 5, what is -110203 + -4?
-110212
In base 12, what is -8 - -1?
-7
In base 6, what is 314 - -21?
335
In base 6, what is 0 + 1132?
1132
In base 2, what is -11101100110 + 1?
-11101100101
In base 4, what is 33 + -12003?
-11310
In base 8, what is -6 - -3?
-3
In base 2, what is 110101010 - -1?
110101011
In base 13, what is -72 + 146?
a4
In base 4, what is -3 + 200?
131
In base 2, what is 100 + -10101010110?
-10101010010
In base 5, what is -101 + 43?
-3
In base 11, what is 6 - -307?
312
In base 13, what is 4 + 52?
56
In base 13, what is -a81 + 0?
-a81
In base 8, what is -5203 + 4?
-5177
In base 4, what is -10331 - 21?
-11012
In base 8, what is -51 + -64?
-135
In base 16, what is 4 + -21?
-1d
In base 10, what is -47 - -67?
20
In base 11, what is 2 + 38?
3a
In base 15, what is -496 - 2?
-498
In base 13, what is 118 + 9?
124
In base 15, what is 5 - -3a?
40
In base 11, what is 3989 + 2?
3990
In base 2, what is -1000 + -1?
-1001
In base 4, what is -12 + -101?
-113
In base 4, what is 21 + 23?
110
In base 16, what is -c + -123?
-12f
In base 7, what is 1 + -52?
-51
In base 2, what is -1110011 + 0?
-1110011
In base 5, what is 0 + -100121?
-100121
In base 10, what is 2 + -124?
-122
In base 4, what is 121 + -100?
21
In base 3, what is -221002 + -211?
-221220
In base 2, what is -101011000010 + 1101?
-101010110101
In base 16, what is 5b2 + -7?
5ab
In base 2, what is 100010100 - -10?
100010110
In base 13, what is 53 + 3?
56
In base 10, what is -309 + 2?
-307
In base 6, what is 1 + 25?
30
In base 3, what is 12 - 11001?
-10212
In base 4, what is 221110 + 2?
221112
In base 6, what is -30 + -10104?
-10134
In base 15, what is 347 - -2?
349
In base 11, what is -348 + -5?
-352
In base 16, what is b7 + -4?
b3
In base 13, what is 11 - c0?
-ac
In base 14, what is -4765 + -2?
-4767
In base 7, what is -5 - -635?
630
In base 15, what is -4 - 4b6?
-4ba
In base 13, what is -c + 60?
51
In base 9, what is -805 - -3?
-802
In base 5, what is -2331 - 12?
-2343
In base 12, what is 234 + 2?
236
In base 13, what is 1397 + -3?
1394
In base 14, what is 2a + 0?
2a
In base 8, what is 2 - -306?
310
In base 7, what is 4 - 133?
-126
In base 4, what is -103 + 1231?
1122
In base 13, what is 3c + -3?
39
In base 15, what is 22 - 5?
1c
In base 3, what is -110221 + -120?
-111111
In base 16, what is -954 + -4?
-958
In base 4, what is -2 - 3110?
-3112
In base 5, what is 0 - -1222?
1222
In base 16, what is -22 + d?
-15
In base 4, what is -2 + 13?
11
In base 9, what is 3 + 6743?
6746
In base 7, what is 325 - 3?
322
In base 8, what is 7 + -1?
6
In base 3, what is 11000 - -20021?
101021
In base 7, what is 4 + 36?
43
In base 4, what is 201 - -1?
202
In base 6, what is 1225 - 11?
1214
In base 5, what is 404 + -104?
300
In base 15, what is 5 - -2e?
34
In base 9, what is 5 + -208?
-203
In base 10, what is -23 + 6?
-17
In base 14, what is 130 - -4?
134
In base 11, what is 335 + 27?
361
In base 15, what is 8 + -615?
-60c
In base 15, what is -78 + -4?
-7c
In base 9, what is 26 + -7?
18
In base 8, what is 4076 + 13?
4111
In base 3, what is 11110 + 2112?
20222
In base 12, what is 7 + -23?
-18
In base 11, what is -14aa - -1?
-14a9
In base 16, what is -18f - -1d?
-172
In base 12, what is 3 - -8?
b
In base 9, what is -17 - 15?
-33
In base 9, what is 1352 + -37?
1314
In base 16, what is -3 - 211?
-214
In base 4, what is 223 - -11?
300
In base 4, what is 1023 - -1?
1030
In base 13, what is -1ca + 27?
-1a3
In base 2, what is -1000110 + -1110?
-1010100
In base 7, what is -41 + 14?
-24
In base 12, what is -10 - -64?
54
In base 5, what is -1 - -1?
0
In base 3, what is 10 - -111212?
111222
In base 13, what is 1 + -93?
-92
In base 5, what is 11141 - -20?
11211
In base 8, what is -16 + 1?
-15
In base 3, what is 2 + 120?
122
In base 12, what is 3 - -55?
58
In base 12, what is 4 - 5?
-1
In base 9, what is 0 - -356?
356
In base 3, what is 1010010 - -1?
1010011
In base 3, what is -10 - -21012222?
21012212
In base 11, what is 348 - 6?
342
In base 12, what is 3 + -bb?
-b8
In base 3, what is -10 + 10102011?
10102001
In base 2, what is 10 - 11010?
-11000
In base 3, what is -120 - -10011122?
10011002
In base 13, what is -1 + -2c?
-30
In base 14, what is 4 + -1d5?
-1d1
In base 3, what is 2200 - 11221?
-2021
In base 5, what is -4 + -44102?
-44111
In base 5, what is -2 - 41?
-43
In base 5, what is 204 - 4?
200
In base 9, what is 5 - 210?
-204
In base 16, what is 4 - a7?
-a3
In base 10, what is -1 + 15?
14
In base 14, what is 29 - 2?
27
In base 3, what is -12 + 11221?
11202
In base 7, what is -15 + 100?
52
In base 14, what is -b + -78d?
-79a
In base 10, what is -1303 - 3?
-1306
In base 15, what is 5 - -6a6?
6ab
In base 9, what is 64 + -2?
62
In base 7, what is 2 + -151?
-146
In base 2, what is 1101010100 + -1101?
1101000111
In base 10, what is -23 + -11?
-34
In base 5, what is -1 + 202?
201
In base 5, what is 204 - -22?
231
In base 4, what is 131 + -202?
-11
In base 11, what is 2 + 74?
76
In base 13, what is -7b3 + 0?
-7b3
In base 14, what is -44 - 13?
-57
In base 8, what is 0 + -4533?
-4533
In base 9, what is 8 + -227?
-218
In base 7, what is -203 + 5?
-165
In base 13, what is 1 - 154?
-153
In base 14, what is 120 + 0?
120
In base 2, what is -10001 - 1111101?
-10001110
In base 2, what is 101 - 10010100111?
-10010100010
In base 12, what is -5 - -38?
33
In base 6, what is -3 + -5052?
-5055
In base 13, what is -c0 - -29?
-94
In base 15, what is 97 + 40?
d7
In base 10, what is -13 + 121?
108
In base 6, what is -52503 - 2?
-52505
In base 5, what is -12322 + 110?
-12212
In base 4, what is 11 - -2210?
2221
In base 5, what is -10 - 11?
-21
In base 13, what is 16 - 43?
-2a
In base 12, what is 92 - -6?
98
In base 16, what is -1863 - 3?
-1866
In base 5, what is -1 + -243?
-244
In base 10, what is -1 + -3899?
-3900
In base 8, what is -6220 - 0?
-6220
In base 8, what is 540 - -2?
542
In base 16, what is 6 + 23?
29
In base 4, what is -10 - -110003?
103333
In base 7, what is 2210 - -4?
2214
In base 16, what is -e - 74?
-82
In base 4, what is -33122 - 12?
-33200
In base 7, what is 2033 - -21?
2054
In base 13, what is 5 - -299?
2a1
In base 5, what is -234404 + -1?
-234410
In base 12, what is -5 - 3a8?
-3b1
In base 9, what is 327 - -25?
353
In base 3, what is 110221112 + -1?
110221111
In base 15, what is 6a + 2?
6c
In base 5, what is -4112 + 11?
-4101
In base 7, what is 62 - -5?
100
In base 12, what is 1a64 + -1?
1a63
In base 12, what is -70 + 3?
-69
In base 9, what is 5 - -113?
118
In base 11, what is 843 - 6?
838
In base 11, what is 4489 + -3?
4486
In base 15, what is 40 - -5?
45
In base 8, what is -327 - 15?
-344
In base 2, what is 1 -